34. Give m(-28).
22
Let h(q) = 47*q**2 + 11492*q + 61946. Give h(-239).
45
Let o(k) = -8*k**2 + 37*k - 237. Calculate o(9).
-552
Let k(y) = -y**3 + 866*y**2 + 2849*y + 548968. Determine k(870).
-2
Let o(a) = 2*a**2 - 52*a + 752. Give o(19).
486
Let d(v) = 2*v**3 - 25*v**2 - 79*v + 12. Determine d(-6).
-846
Let a(u) = -u**3 - 24*u**2 - 116*u - 1569. Calculate a(-22).
15
Let w(s) = s**2 + 121*s - 2789. Calculate w(-145).
691
Let l(z) = -z**3 + 36*z**2 + 1529*z + 31. What is l(61)?
275
Let b(c) = 3936*c + 19667. Give b(-5).
-13
Let d(r) = -16621*r - 49777. Determine d(-3).
86
Let u(s) = s**3 + 197*s**2 - 262*s - 12704. Determine u(-198).
-32
Let p(m) = -10*m**2 - 850*m - 8844. What is p(-12)?
-84
Let f(y) = 2*y**3 - 23*y**2 - 138*y + 29. Determine f(15).
-466
Let y(i) = 22*i**3 - 899*i**2 - 96*i - 32. What is y(41)?
1075
Let d(r) = -473*r - 10318. What is d(-22)?
88
Let a(n) = 6*n**3 - 1265*n**2 - 191*n - 4218. Determine a(211).
2
Let f(a) = -a**3 + 641*a**2 - 1152*a - 80510. What is f(639)?
4
Let i(b) = -b**2 - 168*b - 241. Give i(-166).
91
Let d(a) = -594*a - 43948. Determine d(-74).
8
Let x(u) = 71*u**2 + 15196*u + 345. Determine x(-214).
-83
Let k(i) = -80965*i + 3724354. Determine k(46).
-36
Let k(w) = 149900*w + 2997976. Determine k(-20).
-24
Let h(s) = 24*s**2 + 17997*s - 145512. Give h(8).
0
Let y(a) = 232697*a + 3955848. Calculate y(-17).
-1
Let l(q) = -12*q**2 + 12814*q + 92477. Give l(1075).
27
Let d(a) = -24254*a - 533586. Calculate d(-22).
2
Let z(f) = -f**3 - 20*f**2 + 296*f + 5939. Calculate z(-20).
19
Let k(q) = 4*q**3 + 937*q**2 - 1666*q - 3311. Give k(-236).
-7
Let y(i) = 3175*i + 63552. Give y(-20).
52
Let q(m) = -12*m**3 + 19*m**2 - 11*m - 45. Determine q(2).
-87
Let n(d) = d**3 + 10*d**2 - 253*d - 2829. What is n(-16)?
-317
Let y(p) = -3360*p + 26564. Determine y(8).
-316
Let u(z) = -11*z**2 - 680*z + 4863. Calculate u(9).
-2148
Let o(c) = c**3 + 34*c**2 - 26204*c - 1133611. Determine o(-44).
5
Let m(x) = -187*x**3 + 67321*x**2 - 359*x - 386. Give m(360).
-26
Let b(t) = t**2 + 137763*t - 6614923. Give b(48).
5
Let z(y) = -4*y**2 + 223*y - 1615. Give z(7).
-250
Let t(n) = -6*n**2 + 51*n + 3327. Determine t(28).
51
Let s(j) = -3*j**2 - 249*j + 17079. Determine s(45).
-201
Let g(c) = 141941*c - 141951. Calculate g(1).
-10
Let t(x) = -x**2 + 416*x + 41441. What is t(-83)?
24
Let q(r) = r**3 + 704*r**2 - 26*r - 18308. Give q(-704).
-4
Let y(v) = -1966*v**3 + 90439*v**2 - 134*v - 192. Give y(46).
-8
Let m(l) = 3444*l - 37901. Give m(11).
-17
Let n(d) = -140*d - 11382. What is n(-67)?
-2002
Let p(j) = -j**3 - 26*j**2 - 822*j - 19950. Calculate p(-25).
-25
Let s(i) = -i**2 - 130*i + 3708. What is s(27)?
-531
Let i(l) = -l**3 + 7*l**2 + 402*l + 135. What is i(24)?
-9
Let i(p) = -138*p**2 - 6875*p + 8312. Calculate i(-51).
-1
Let h(t) = 17*t**2 + 589*t - 2940. Give h(5).
430
Let y(l) = l**2 - 1079*l + 14573. Give y(14).
-337
Let j(r) = -r**3 - 6*r**2 + 110*r + 62. Calculate j(9).
-163
Let f(d) = 97*d - 12340. What is f(142)?
1434
Let c(s) = 1274*s - 39442. What is c(31)?
52
Let b(f) = -49*f**2 + 32780*f + 909. Give b(669).
240
Let l(o) = -26*o**2 - 581*o - 53. Give l(-23).
-444
Let r(p) = -p**3 + 12454*p**2 + 261920*p - 1151. Determine r(-21).
4
Let y(a) = 3*a**2 - 555*a + 907. Give y(183).
-191
Let n(r) = 2*r**2 + 680*r - 5896. Calculate n(9).
386
Let r(a) = 5*a**3 + 148*a**2 - 15*a + 860. Determine r(-30).
-490
Let g(l) = 54258*l - 271281. Calculate g(5).
9
Let f(i) = -7*i**3 + 404*i**2 + 131*i - 452. What is f(58)?
418
Let x(g) = -4*g**2 + 1371*g - 11986. Calculate x(332).
2290
Let v(y) = -368*y - 45229. What is v(-131)?
2979
Let x(m) = -2604019*m - 93744685. Calculate x(-36).
-1
Let b(v) = -40*v**3 - 74*v**2 - 205*v - 102. Calculate b(-2).
332
Let x(n) = -737*n**2 + 1641*n - 343. What is x(2)?
-9
Let h(j) = -3903*j - 50519. Determine h(-13).
220
Let v(q) = -2*q**2 - 10808*q - 1749158. Calculate v(-167).
0
Let b(i) = -12196*i - 48795. Determine b(-4).
-11
Let r(t) = -4*t**3 - 46*t**2 - 20*t - 523. Give r(-12).
5
Let w(q) = 5*q**2 - 5816*q + 17442. Calculate w(3).
39
Let o(y) = -49*y**2 + 223*y + 13. Calculate o(4).
121
Let v(b) = b**2 + 1597*b + 75837. What is v(-49)?
-15
Let h(n) = 21*n**3 - 133*n**2 + 10*n - 9. Give h(6).
-201
Let k(f) = 18*f**2 - 1020*f - 228. Calculate k(57).
114
Let x(i) = -i**2 - 6901*i - 34447. Calculate x(-5).
33
Let c(d) = -81*d**2 + 43414*d + 1071. Determine c(536).
-1
Let q(z) = z**2 + 956*z - 142392. Calculate q(-1087).
5
Let n(z) = 1604*z + 1458040. Calculate n(-909).
4
Let m(l) = 43317*l - 86628. What is m(2)?
6
Let o(q) = -q**2 - 103*q - 1318. Give o(-98).
-828
Let w(d) = -669*d - 8318. Calculate w(-15).
1717
Let y(b) = 5046*b - 918379. What is y(182)?
-7
Let v(i) = 109023*i - 2507541. Calculate v(23).
-12
Let b(u) = -5*u**3 + 17*u**2 + 55*u - 320. Calculate b(6).
-458
Let b(s) = s**3 + 7*s**2 - 114*s - 56. Give b(-17).
-1008
Let s(v) = -v**3 - 69*v**2 - 367*v + 1. Determine s(-6).
-65
Let i(g) = -6461*g - 1066283. Determine i(-165).
-218
Let r(h) = 3*h**3 + 77*h**2 + 184*h + 42. Determine r(-23).
42
Let u(p) = 272*p - 137629. Calculate u(506).
3
Let a(g) = -1210*g + 209138. Give a(173).
-192
Let j(y) = 4*y**3 - 755*y**2 - 205*y + 120. Calculate j(189).
-2904
Let y(s) = 817*s - 1414. Calculate y(1).
-597
Let y(s) = -262*s + 13847. Give y(49).
1009
Let f(z) = -534*z + 15732. Give f(28).
780
Let h(o) = -o**3 - 82*o**2 + 86*o + 277. Determine h(-83).
28
Let s(q) = 10*q**2 + 1269*q - 4346. What is s(-131)?
1025
Let i(k) = k**2 - 2443*k + 34024. Calculate i(14).
18
Let n(o) = -4*o**2 + 847*o + 11645. Calculate n(-13).
-42
Let b(s) = -11*s**3 + 811*s**2 + 213*s + 46. Calculate b(74).
-620
Let w(l) = -43549*l + 304840. Determine w(7).
-3
Let u(i) = -4*i**2 + 17*i - 1344. Determine u(28).
-4004
Let i(n) = 3*n**3 + 18*n**2 - 93*n - 96. Calculate i(-9).
12
Let o(l) = 4582*l**2 - 404*l - 425. Determine o(-1).
4561
Let u(c) = 31*c**2 - 128*c - 646. Calculate u(7).
-23
Let d(p) = 14*p**3 + 589*p**2 + 4169*p + 11. Determine d(-9).
-7
Let h(y) = -650*y + 209896. Give h(323).
-54
Let a(g) = 13*g**3 + 97*g**2 + 131*g + 673. Calculate a(-7).
50
Let m(x) = x**3 - 173*x**2 + 7480*x - 823. Calculate m(83).
7
Let h(k) = -k**2 - 4786*k + 115459. Determine h(24).
19
Let x(g) = -171337*g + 13878287. Calculate x(81).
-10
Let q(n) = n**2 + 8*n + 361. What is q(-11)?
394
Let q(s) = -47*s**2 + 11227*s - 11221. Calculate q(1).
-41
Let c(t) = 28170*t - 338032. Determine c(12).
8
Let k(z) = -z**3 - 408*z**2 - 1592*z + 9694. Calculate k(-404).
-2
Let q(l) = 613*l + 180643. Calculate q(-295).
-192
Let z(o) = -o**3 + 128*o**2 + 404*o - 28. What is z(131)?
1413
Let k(d) = 574674*d + 6321419. Determine k(-11).
5
Let j(t) = 7303*t - 29266. What is j(4)?
-54
Let n(w) = 150*w**3 + 39*w**2 + 3*w - 15. Calculate n(-2).
-1065
Let q(l) = -5*l**2 - 143*l - 137. Calculate q(-25).
313
Let i(t) = 36*t**3 - 294*t**2 - 474*t + 4178. Calculate i(8).
2
Let c(g) = -191*g**3 + 4232*g**2 - 662*g + 80. Determine c(22).
36
Let z(v) = -v**2 - 205754*v + 22233084. Determine z(108).
-12
Let m(l) = 10*l**2 + 1466*l - 25964. Determine m(16).
52
Let d(t) = 66*t**2 - 13542*t + 2466. Calculate d(205).
6
Let a(k) = -113*k + 8090. Give a(72).
-46
Let a(o) = -3*o**2 + 65497*o - 65499. What is a(1)?
-5
Let l(s) = -2*s**3 - 50*s**2 + 42*s + 762. Calculate l(4).
2
Let u(p) = -10*p**3 + 10*p**2 + 209*p + 33. Calculate u(-4).
-3
Let b(g) = -123043*g - 1968710. Give b(-16).
-22
Let v(d) = -2*d**3 + 18*d**2 + 921*d - 6627. Give v(7).
16
Let u(y) = 2*y**2 + 56*y + 317. Give u(-13).
-73
Let g(u) = -u**2 - 325*u - 12812. Give g(-53).
1604
Let j(n) = 29*n**2 + 1634*n - 70. Give j(-57).
1013
Let z(p) = p**3 - 65*p**2 + 464*p + 4734. Determine z(55).
4
Let n(y) = -26*y**2 + 10006*y + 2455. Determine n(385).
915
Let g(u) = -2*u**3 + 593*u**2 - 2745*u + 34446. Give g(292).
282
Let k(b) = -12*b**3 + b**2 + 31*b - 54. What is k(2)?
-84
Let r(h) = 12*h**2 - 1261*h - 1261. Calculate r(-1).
12
Let f(a) = 14279*a + 42196. Determine f(-3).
-641
Let r(s) = -s**2 + 2339*s - 30218. Calculate r(13).
20
Let s(v) = -45941*v + 7809956. Give s(170).
-14
Let f(a) = -a**2 + 5723*a + 114570. Determine f(-20).
-290
Let w(j) = -3632778*j - 10898338. Determine w(-3).
-4
Let g(i) = 22104*i + 1061013